What is m(38)?
337
Let y(a) = 1164*a - 196724. Calculate y(169).
-8
Let x(f) = -32903*f + 15563109. What is x(473)?
-10
Let n(x) = -2502*x - 78637. What is n(-31)?
-1075
Let d(f) = -2*f**3 - 288*f**2 + 56603*f - 1811. What is d(-255)?
-26
Let s(k) = 247*k**3 - 249*k**2 - 246*k + 2. Give s(-1).
-248
Let r(j) = 6694*j + 93866. Determine r(-14).
150
Let l(j) = -j**2 + 577*j - 38198. Determine l(76).
-122
Let c(g) = 5*g**3 - 39*g**2 + 47*g + 13. Give c(2).
-9
Let s(l) = -75*l**2 + 1165*l + 6982. Calculate s(-6).
-2708
Let z(b) = 2*b**3 + 4*b**2 + 201*b + 607. Calculate z(-3).
-14
Let x(k) = -67*k**2 - 2473*k - 155. What is x(-35)?
4325
Let h(l) = -46*l**2 + 363*l + 459. Give h(9).
0
Let g(j) = 134*j - 10781. Determine g(81).
73
Let i(b) = 788*b + 12536. Give i(-16).
-72
Let z(c) = -65775*c + 1578600. Calculate z(24).
0
Let h(d) = -d**2 + 110373*d - 662208. Determine h(6).
-6
Let m(b) = -3146*b + 2139287. Give m(680).
7
Let p(j) = 23726*j - 23744. Give p(1).
-18
Let l(u) = 5*u**2 + 1051*u + 49107. What is l(-70)?
37
Let a(c) = 57*c**2 + 1073*c + 856. Determine a(-18).
10
Let b(q) = -133*q**3 + 6*q**2 + 589*q - 1190. Give b(2).
-1052
Let m(y) = -y**3 + 13*y**2 + 90*y - 1232. Determine m(13).
-62
Let i(d) = 6*d**3 + 55*d**2 + 971*d + 8651. What is i(-9)?
-7
Let k(a) = -5*a**3 - 154*a**2 + 23*a + 183. Give k(-31).
431
Let j(h) = -2*h**2 - 202*h - 2490. Give j(-74).
1506
Let x(y) = -y**3 - 17*y**2 + 64*y - 364. What is x(-19)?
-858
Let n(i) = -70*i**2 + 505*i + 458. Determine n(8).
18
Let w(v) = 3*v**3 - 605*v**2 + 390*v + 2289. Determine w(201).
-123
Let o(k) = -k**2 - 62*k + 354. Give o(6).
-54
Let a(y) = -y**3 - 152*y**2 + 233*y + 35455. Calculate a(-152).
39
Let z(w) = w**3 + 607*w**2 - 1809*w - 22. Calculate z(3).
41
Let f(k) = -k**3 + 80*k**2 - 532*k + 3. What is f(7)?
-144
Let x(z) = z**3 - 202*z**2 + 1498*z + 10436. Calculate x(194).
-40
Let x(j) = 10*j**2 - 793*j + 3015. Determine x(75).
-210
Let f(i) = i**2 + 6470*i + 250827. What is f(-39)?
18
Let r(l) = -3*l**3 + 39*l**2 + 29*l - 208. Determine r(10).
982
Let n(j) = 9977*j + 199533. Determine n(-20).
-7
Let d(g) = -g**2 + 7411*g - 96138. What is d(13)?
36
Let n(b) = -2854*b**2 - 1030*b + 1. Calculate n(-1).
-1823
Let a(n) = -n**2 - 398*n - 21071. Determine a(-63).
34
Let x(b) = -4*b**2 + 62*b + 6698. Calculate x(-34).
-34
Let u(g) = g**3 + g**2 + 47*g - 368. Determine u(6).
166
Let o(d) = 8*d**2 + 84*d - 399. Give o(4).
65
Let l(j) = 6*j**2 - 771*j + 1119. Give l(127).
-24
Let d(w) = -141*w - 10012. Calculate d(-71).
-1
Let p(c) = -c**3 + 68*c**2 - 177*c - 8216. What is p(63)?
478
Let o(a) = 2250*a + 76770. Give o(-34).
270
Let v(f) = -698*f + 7290. What is v(7)?
2404
Let a(f) = 2*f**3 + 8*f**2 - 346*f - 1724. Give a(0).
-1724
Let x(o) = -o**2 + 1900*o - 33939. Calculate x(18).
-63
Let b(x) = x**2 + 11448*x - 5046028. What is b(425)?
-3
Let i(p) = -1964*p + 239611. Give i(122).
3
Let h(v) = 19*v**2 - 553*v - 40558. Give h(63).
14
Let w(v) = -v**3 + v**2 - 10*v + 120. Calculate w(0).
120
Let i(v) = 35235*v - 493293. Give i(14).
-3
Let v(z) = z**3 + 12*z**2 - 169*z - 2060. Calculate v(-12).
-32
Let k(l) = -602*l + 176375. What is k(293)?
-11
Let l(y) = 2*y**2 + 1428*y - 108069. Calculate l(69).
-15
Let y(v) = -4711*v - 256704. Calculate y(-54).
-2310
Let n(d) = -11*d**2 - 1024*d - 832. Give n(-92).
272
Let y(l) = -26*l + 329. Calculate y(17).
-113
Let d(a) = 93*a + 18035. Calculate d(-193).
86
Let g(c) = -29*c**3 - 495*c**2 + 713*c + 12700. Give g(-17).
1
Let m(v) = 213652*v + 5341302. Calculate m(-25).
2
Let a(z) = 3814*z + 270709. Give a(-71).
-85
Let g(f) = 7*f**2 - 413*f + 791. Calculate g(2).
-7
Let x(r) = 339*r**3 - 10*r**2 + 2*r - 6. Give x(2).
2670
Let n(s) = 30*s**2 - 498*s + 283. Calculate n(16).
-5
Let y(t) = t**2 - 1197*t - 28017. Determine y(-23).
43
Let f(k) = 3*k**3 - 64*k**2 - 6*k - 399. Give f(22).
437
Let h(j) = j**3 + 19*j**2 - 51*j + 371. What is h(-22)?
41
Let f(a) = -a**3 + 49*a**2 + 137*a - 4560. What is f(50)?
-210
Let p(a) = 6931*a + 61726. Calculate p(-9).
-653
Let l(w) = w**3 + 102*w**2 - 1379*w - 1252. Determine l(-114).
2
Let r(x) = 3*x**2 - 511*x + 1993. Give r(4).
-3
Let g(x) = -x**3 - 15*x**2 - 3669*x - 59190. What is g(-16)?
-230
Let n(w) = 353*w**2 + 2413*w - 4. Calculate n(-7).
402
Let c(h) = -4*h**3 - 2381*h**2 - 2367*h + 16. Give c(-1).
6
Let g(t) = -201*t + 6087. What is g(30)?
57
Let q(i) = i**3 + 40*i**2 - 377*i - 78. Calculate q(8).
-22
Let s(m) = 4*m**3 - 42*m**2 + 6*m + 120. Give s(11).
428
Let v(g) = -g**3 + 128*g**2 + 241*g + 888. Determine v(130).
-1582
Let u(m) = 7*m**2 - 5964*m - 191614. Determine u(883).
-3
Let k(i) = -10*i**2 - 498*i - 2914. Determine k(-7).
82
Let l(o) = -2*o**2 + 4055565*o + 8111135. Determine l(-2).
-3
Let l(s) = 111346*s + 6903445. Give l(-62).
-7
Let t(w) = w**3 + 3074*w**2 - 194427*w - 314. What is t(62)?
-4
Let k(u) = u**2 - 56*u + 1609. Calculate k(26).
829
Let g(p) = -p**2 - 66*p + 9409. Determine g(-135).
94
Let h(l) = -52*l + 14060. What is h(283)?
-656
Let x(n) = -29*n**2 - 533*n + 456. Determine x(-24).
-3456
Let j(z) = 41314*z + 991521. Determine j(-24).
-15
Let c(j) = 292626*j - 292632. Give c(1).
-6
Let g(z) = -6*z**3 + 13*z**2 + 9*z - 120. What is g(-3)?
132
Let u(y) = 2*y**2 + 362*y - 8770. Calculate u(22).
162
Let x(u) = -173568*u - 347149. Calculate x(-2).
-13
Let q(n) = -2728*n + 85513. What is q(31)?
945
Let l(w) = -w**3 + 2*w**2 - 14*w + 352. What is l(7)?
9
Let p(j) = -3*j**3 + 893*j**2 - 1266*j + 466085. Calculate p(298).
13
Let j(h) = -1344*h + 8150. Determine j(6).
86
Let g(r) = -3*r**3 + 130*r**2 + 97*r - 477. Calculate g(44).
-81
Let v(r) = -14*r**3 - 48*r**2 - 245*r - 1058. What is v(-4)?
50
Let r(t) = -173*t - 22155. Give r(-129).
162
Let u(p) = -p**3 - 30*p**2 + 72*p + 1132. Give u(-31).
-139
Let j(z) = -9536*z - 27304. Determine j(-3).
1304
Let v(d) = 6*d**2 + 187*d - 77. What is v(-8)?
-1189
Let u(p) = -p**2 + 4375*p - 402102. Give u(94).
312
Let n(c) = -5*c**2 + 146*c + 3257. Determine n(44).
1
Let x(v) = -12*v**2 - 238*v + 1142. Calculate x(5).
-348
Let p(f) = f**3 - 7*f**2 - 26*f + 118. What is p(6)?
-74
Let y(t) = 114*t - 1987. Determine y(13).
-505
Let y(d) = d**3 - 3*d**2 - 110*d + 942. Determine y(-12).
102
Let s(z) = 6*z**3 - 816*z**2 + 29*z - 3945. What is s(136)?
-1
Let d(h) = 6294*h + 566462. Determine d(-90).
2
Let m(s) = -s**2 - 240*s + 8326. Calculate m(47).
-5163
Let a(u) = u**3 - 647*u**2 + 1914*u + 50. What is a(3)?
-4
Let r(l) = 351136*l - 1404547. Determine r(4).
-3
Let h(g) = 91*g**3 - 817*g**2 - 90*g + 301. Calculate h(9).
-347
Let n(f) = -418*f + 19495. Give n(47).
-151
Let p(i) = 21*i**2 + 27506*i + 22260. Calculate p(-1309).
7
Let n(w) = 92433*w + 369533. Give n(-4).
-199
Let q(i) = -276*i + 1509. Give q(8).
-699
Let n(i) = -2568*i**3 + 12839*i**2 + 72*i - 350. What is n(5)?
-15
Let i(v) = 3*v**3 - 32*v**2 + 29*v + 246. Determine i(14).
2612
Let j(f) = -19298*f + 38523. Calculate j(2).
-73
Let r(v) = -74*v**3 + 20573*v**2 - 293*v + 4167. What is r(278)?
-3
Let m(d) = -d**3 + d**2 - 48*d - 379. Determine m(-5).
11
Let l(b) = b**3 - 46*b**2 + 203*b + 444. Determine l(7).
-46
Let v(r) = -10731*r + 75058. Give v(7).
-59
Let m(p) = p**3 + p**2 - 309*p - 1691. What is m(-6)?
-17
Let a(x) = -5150*x - 132. Calculate a(0).
-132
Let b(k) = 4*k**2 - 737*k + 33198. Determine b(79).
-61
Let m(r) = -2*r**2 - 265*r - 1948. Calculate m(-128).
-796
Let j(u) = -u**2 - 139*u - 2768. What is j(-58)?
1930
Let o(w) = -2323*w - 202919. Determine o(-87).
-818
Let i(w) = 151*w**2 + 168*w - 935. What is i(4)?
2153
Let t(y) = -y**3 - 411*y**2 - 27227*y - 247. Give t(-83).
2
Let s(x) = 513*x + 643. Give s(0).
643
Let s(b) = -b**3 - 17*b**2 + 9163*b + 207579. Calculate s(-23).
4
Let j(x) = -42*x + 2391. Give j(80).
-969
Let p(w) = 4*w**2 - 835*w - 224. What is p(209)?
-15
Let i(v) = -v**2 + 4117*v + 74428. Determine i(-18).
-2
Let n(r) = 2*r**3 + 4947*r**2 + 1614*r - 2124308. Calculate n(-2473).
-1
Let b(p) = -p**2 + 26*p - 361. Give b(36).
-721
Let c(x) = -189*x**2 + 44*x + 50. Give c(-1).
-183
Let f(x) = -3*x**3 - 417*x**2 + 416*x - 556. What is f(-140)?
4
Let u(c) = 2*c**2 - 945*c + 4645. Determine u(5).
-30
Let m(w) = -2*w**3 + 8*w**2 - 70*w + 325. Give m(8).
-747
Let k(c) = -138*c**2 + 96